n 4621 is divided by 23?
21
Calculate the remainder when 4443 is divided by 2216.
11
What is the remainder when 60 is divided by 29?
2
Calculate the remainder when 266 is divided by 67.
65
What is the remainder when 4437 is divided by 148?
145
What is the remainder when 33 is divided by 4?
1
What is the remainder when 14819 is divided by 114?
113
What is the remainder when 103 is divided by 6?
1
Calculate the remainder when 1617 is divided by 27.
24
Calculate the remainder when 820 is divided by 54.
10
Calculate the remainder when 340 is divided by 86.
82
What is the remainder when 634 is divided by 317?
0
What is the remainder when 4834 is divided by 59?
55
Calculate the remainder when 108 is divided by 22.
20
Calculate the remainder when 3316 is divided by 25.
16
What is the remainder when 198 is divided by 8?
6
What is the remainder when 4639 is divided by 145?
144
What is the remainder when 10 is divided by 8?
2
Calculate the remainder when 104 is divided by 96.
8
What is the remainder when 3431 is divided by 101?
98
Calculate the remainder when 244 is divided by 64.
52
What is the remainder when 2140 is divided by 11?
6
What is the remainder when 16313 is divided by 3261?
8
Calculate the remainder when 325 is divided by 83.
76
Calculate the remainder when 556 is divided by 323.
233
Calculate the remainder when 1922 is divided by 47.
42
What is the remainder when 192 is divided by 140?
52
What is the remainder when 670 is divided by 133?
5
What is the remainder when 235 is divided by 40?
35
Calculate the remainder when 1737 is divided by 579.
0
What is the remainder when 81 is divided by 26?
3
Calculate the remainder when 431 is divided by 135.
26
What is the remainder when 374 is divided by 9?
5
Calculate the remainder when 126 is divided by 11.
5
What is the remainder when 9448 is divided by 150?
148
What is the remainder when 379 is divided by 126?
1
Calculate the remainder when 174 is divided by 95.
79
Calculate the remainder when 92 is divided by 73.
19
Calculate the remainder when 333 is divided by 67.
65
Calculate the remainder when 15 is divided by 12.
3
Calculate the remainder when 343 is divided by 170.
3
Calculate the remainder when 123 is divided by 27.
15
What is the remainder when 29 is divided by 6?
5
Calculate the remainder when 26 is divided by 15.
11
Calculate the remainder when 224 is divided by 86.
52
What is the remainder when 348 is divided by 50?
48
What is the remainder when 59 is divided by 8?
3
What is the remainder when 346 is divided by 29?
27
What is the remainder when 1172 is divided by 23?
22
What is the remainder when 2723 is divided by 1361?
1
Calculate the remainder when 81 is divided by 10.
1
What is the remainder when 720 is divided by 102?
6
Calculate the remainder when 17 is divided by 5.
2
Calculate the remainder when 247 is divided by 50.
47
Calculate the remainder when 312 is divided by 32.
24
Calculate the remainder when 325 is divided by 8.
5
What is the remainder when 54 is divided by 15?
9
Calculate the remainder when 355 is divided by 61.
50
What is the remainder when 835 is divided by 412?
11
Calculate the remainder when 19 is divided by 7.
5
Calculate the remainder when 408 is divided by 103.
99
Calculate the remainder when 106 is divided by 18.
16
Calculate the remainder when 1891 is divided by 43.
42
What is the remainder when 20 is divided by 12?
8
Calculate the remainder when 1102 is divided by 26.
10
What is the remainder when 213 is divided by 72?
69
What is the remainder when 1499 is divided by 28?
15
Calculate the remainder when 94 is divided by 10.
4
Calculate the remainder when 8286 is divided by 37.
35
What is the remainder when 1700 is divided by 46?
44
Calculate the remainder when 174 is divided by 53.
15
Calculate the remainder when 140 is divided by 89.
51
Calculate the remainder when 474 is divided by 96.
90
What is the remainder when 2063 is divided by 207?
200
Calculate the remainder when 398 is divided by 372.
26
What is the remainder when 58 is divided by 5?
3
What is the remainder when 48 is divided by 20?
8
What is the remainder when 5465 is divided by 11?
9
What is the remainder when 1582 is divided by 11?
9
What is the remainder when 18158 is divided by 80?
78
Calculate the remainder when 5471 is divided by 189.
179
What is the remainder when 100 is divided by 21?
16
What is the remainder when 15 is divided by 4?
3
What is the remainder when 1939 is divided by 80?
19
Calculate the remainder when 388 is divided by 208.
180
Calculate the remainder when 68 is divided by 34.
0
Calculate the remainder when 717 is divided by 29.
21
What is the remainder when 46572 is divided by 25?
22
What is the remainder when 347 is divided by 44?
39
What is the remainder when 895 is divided by 75?
70
Calculate the remainder when 6129 is divided by 10.
9
Calculate the remainder when 966 is divided by 19.
16
Calculate the remainder when 1668 is divided by 22.
18
What is the remainder when 291 is divided by 44?
27
What is the remainder when 312 is divided by 5?
2
Calculate the remainder when 87 is divided by 16.
7
Calculate the remainder when 35 is divided by 25.
10
What is the remainder when 248 is divided by 42?
38
What is the remainder when 212 is divided by 36?
32
Calculate the remainder when 337 is divided by 34.
31
What is the remainder when 3071 is divided by 110?
101
What is the remainder when 314 is divided by 35?
34
Calculate the remainder when 224 is divided by 194.
30
What is the remainder when 4318 is divided by 9?
7
What is the remainder when 3076 is divided by 517?
491
What is the remainder when 333 is divided by 29?
14
What is the remainder when 11 is divided by 2?
1
Calculate the remainder when 283 is divided by 19.
17
Calculate the remainder when 1063 is divided by 13.
10
Calculate the remainder when 1216 is divided by 209.
171
Calculate the remainder when 538 is divided by 14.
6
What is the remainder when 69991 is divided by 158?
155
What is the remainder when 105 is divided by 20?
5
What is the remainder when 839 is divided by 173?
147
Calculate the remainder when 4521 is divided by 4.
1
Calculate the remainder when 130 is divided by 66.
64
Calculate the remainder when 521 is divided by 9.
8
Calculate the remainder when 42 is divided by 9.
6
What is the remainder when 1351 is divided by 8?
7
What is the remainder when 1566 is divided by 113?
97
What is the remainder when 961 is divided by 4?
1
What is the remainder when 2793 is divided by 28?
21
Calculate the remainder when 194 is divided by 86.
22
Calculate the remainder when 536 is divided by 205.
126
What is the remainder when 471 is divided by 11?
9
Calculate the remainder when 23 is divided by 3.
2
What is the remainder when 18 is divided by 12?
6
Calculate the remainder when 299 is divided by 3.
2
What is the remainder when 255 is divided by 22?
13
What is the remainder when 579 is divided by 184?
27
Calculate the remainder when 143 is divided by 27.
8
Calculate the remainder when 2982 is divided by 36.
30
Calculate the remainder when 261 is divided by 11.
8
Calculate the remainder when 57 is divided by 30.
27
Calculate the remainder when 86 is divided by 46.
40
Calculate the remainder when 10532 is divided by 6.
2
Calculate the remainder when 59 is divided by 30.
29
Calculate the remainder when 799 is divided by 23.
17
Calculate the remainder when 545 is divided by 39.
38
What is the remainder when 559 is divided by 17?
15
What is the remainder when 263 is divided by 14?
11
Calculate the remainder when 480 is divided by 179.
122
Calculate the remainder when 1043 is divided by 36.
35
Calculate the remainder when 617 is divided by 306.
5
Calculate the remainder when 242 is divided by 61.
59
Calculate the remainder when 244 is divided by 45.
19
Calculate the remainder when 159 is divided by 43.
30
Calculate the remainder when 29 is divided by 10.
9
Calculate the remainder when 42 is divided by 22.
20
Calculate the remainder when 732 is divided by 4.
0
What is the remainder when 440 is divided by 74?
70
What is the remainder when 2792 is divided by 57?
56
Calculate the remainder when 46 is divided by 5.
1
What is the remainder when 710 is divided by 9?
8
What is the remainder when 245 is divided by 28?
21
Calculat